Suppose 29*q + 9021 = 25*q + 45277. What is the units digit of q?
4
What is the thousands digit of 2/12*4 + (0 - 103070/(-15))?
6
Let y(r) = 16*r - 5. Let z(j) = j. Let g(v) = -y(v) + 7*z(v). Let p be (1/(-2))/((-2)/(-40)). What is the tens digit of g(p)?
9
Let a = 156 + -217. Let b = a - -81. What is the tens digit of b?
2
Let f be (1/5 - 6/(-45))*11754. Suppose f = 4*j + 2*j. What is the hundreds digit of j?
6
Let j(r) = 7*r**2 - 194*r + 51. What is the hundreds digit of j(-38)?
5
Suppose -3*h + 673 - 127 = 0. Suppose -300*s + 290*s = 380. Let j = h + s. What is the units digit of j?
4
Let p = 209 + -205. What is the tens digit of 1/p + 2*4286/16?
3
Let n be (-911)/(-2) - (42/4)/7. Let b = -860 + n. Let r = -268 - b. What is the hundreds digit of r?
1
Let k = 12935 - -5383. What is the units digit of k?
8
What is the units digit of 1776/1110*(-3005)/(-2)?
4
Suppose 660610 = 1322*m - 1260*m. What is the hundreds digit of m?
6
Suppose 415 = 58*k - 53*k. Let h be (-53)/(-1 - 1 - -3). Let a = k - h. What is the hundreds digit of a?
1
Let x(c) = -33*c - 130. Let y be x(-4). Suppose 1 = -4*z + 21. Suppose 0 = 3*k - z*a - 104, -5*k - 3*a = -y*k - 144. What is the units digit of k?
3
Suppose 4*d + 12 = 28. Let s(z) = -d*z + 0 - 14*z**3 - 2 + 2*z. What is the hundreds digit of s(-2)?
1
Suppose -24 = -6*p - 2*p. What is the hundreds digit of 14/(-7)*(-182 + p)?
3
Let p(j) = 2*j + 43. Let h be p(-19). Suppose 4*l - 2*f = 289 + 1537, 2*f = h*l - 2284. What is the units digit of l?
8
Let w = 285 - 162. Let q = w + 61. What is the units digit of q?
4
Let m = 4140 + -1476. Suppose 6232 + m = 16*o. What is the units digit of o?
6
Let b = -4 + 43. Suppose 0 = -3*v + 4*r + 44, -4*r + r = -3*v + b. What is the units digit of 3 + (-30)/v - 374/(-8)?
6
Suppose f + 3*s - 1552 = 0, s + 6268 = 4*f - 2*s. Let g = f - 670. What is the hundreds digit of g?
8
Let t(a) = a**3 + 8*a**2 + 10*a - 11. Let j be t(-6). Suppose -4*i + j = 5. What is the tens digit of ((-53)/i - 2)*3?
5
Suppose 11*d + 25 = 641. Let r = 221 - d. What is the units digit of r?
5
Suppose -j = 2*j - 42. Let o(b) = -b**3 + 15*b**2 + b + 4. Let s be o(j). Let t = 311 - s. What is the tens digit of t?
9
Let p(n) = n**2 - 10. Let m(c) = c**2 + 4*c - 8. Let k be m(-10). Suppose -5*q = 2*b + 12, -4*b + 4*q = -0*q + k. What is the units digit of p(b)?
1
Let j = -22625 - -32190. What is the tens digit of j?
6
Let d(i) = 16*i**2 - 16*i + 9. Let n = -175 + 179. What is the units digit of d(n)?
1
Let n = -153 + 220. Suppose 0 = -2*i + 12 - 2. Suppose -i*r + 2*f = -586, 5*r - 516 = f + n. What is the hundreds digit of r?
1
Let z(o) = 3*o**2 + 4*o - 11. Suppose 5*i = 7*i - 124. Let j = 57 - i. What is the tens digit of z(j)?
4
Let r(c) = c**3 + 10*c**2 + 19*c - 10. Let n be r(-7). Suppose -n*i + 55 = 35. Suppose u - 669 = -i*y, -4*u = 5*y - 574 - 92. What is the tens digit of y?
3
Let s = 21720 - 11085. What is the thousands digit of s?
0
Let o(a) = -445*a + 80. Let p be o(5). Let k = -1504 - p. What is the units digit of k?
1
Suppose 6*x - 24 = x + 4*s, -4*s = 4. Suppose 5*u + 2040 = -3*j + 8*j, x*j - 1623 = u. What is the hundreds digit of j?
4
Let b be (6174 - 0) + -8 - -4. Suppose -4*p = -14*p + b. What is the units digit of p?
7
Let n(y) = -48 + 0*y + 3*y + 17 + 37 + 19*y. Let a(b) = -2*b - 2. Let r be a(-6). What is the tens digit of n(r)?
2
Let z be ((-1 - 3)/4)/(3/(-15)). Suppose 5*g = 3*k - 1006, 3*g + 249 = z*k - 1401. What is the hundreds digit of k?
3
Suppose 5*g + j - 13548 = -345, 0 = -3*j - 6. What is the thousands digit of g?
2
Let g(c) = 4*c**2 + 68*c - 5. Suppose -9 + 8 = -n - 4*b, 4*b - 14 = -2*n. What is the hundreds digit of g(n)?
5
Let f(q) = -2*q**2 - 89*q + 132. Let n be f(-46). Suppose 3*d - 193 = 4*s, -5 = -s + 4*d - 37. What is the hundreds digit of n/(s/17 - -3)?
1
Let m(s) = 2*s + 21. Let n be m(-9). Suppose -464 = -4*d + n*z + 350, 0 = -2*d + 4*z + 412. What is the tens digit of d?
0
Suppose 0 = 2*d + 43 + 5. Let w(r) = -23*r + 139. What is the units digit of w(d)?
1
Let a(b) = 5*b - 50. Let l be a(10). Let k(d) = -d**2 - 3*d + 295. What is the units digit of k(l)?
5
Suppose 1350900 = 60*w - 7*w + 7*w. What is the thousands digit of w?
2
Let l(s) = 7*s**2 + 11*s - 12. Let a(t) = 2*t**2 + 4*t - 4. Suppose -6 = y + 2*f, -1 = -4*f + 3. Let c(r) = y*a(r) + 3*l(r). What is the tens digit of c(4)?
8
Let g(y) = -5*y + y**2 - y**2 + 2*y + 16 + 12*y**2. What is the hundreds digit of g(-5)?
3
Suppose -4*x = -4*m - 28, 4*m - 4*x + 9*x = -10. What is the units digit of m + (1556/4 - 6)?
8
What is the ten thousands digit of (-95)/((31/(-150))/31)?
1
Suppose 4*y + 12 = -u, -5*u + 0*y = 4*y - 4. Let w(o) = -17*o - o**2 - 27*o - u*o**2 + 19*o + 7. What is the units digit of w(-5)?
7
Let i be (3/(-5))/(4/(-40)). Let b(w) = -5*w**2 + 16 - 6*w - i*w + 4*w**2. What is the units digit of b(-13)?
3
Let w(p) = p**3 - 16*p**2 + 23*p - 36. Let x be w(15). What is the units digit of -27*(7 + x/(-9))?
3
Let q(y) = 219*y - 11474. What is the tens digit of q(63)?
2
Let u(l) = -l**3 - 13*l**2 + 16*l - 79. What is the tens digit of u(-15)?
3
Suppose -3*u - 687 - 2001 = -3*p, u - 3579 = -4*p. Suppose h + p = 5*i, 7*i - 10*i - 4*h = -560. What is the tens digit of i?
8
Let q = 54787 - 31815. What is the tens digit of q?
7
Let h(v) = -v - 1. Let y(q) = -6*q + 5. Let i(k) = 30*h(k) + 5*y(k). Let m be i(-1). What is the tens digit of 11/(m/170) + -1?
3
Suppose -2*h = -2*d - 42, 0*h + 5*h = 0. What is the units digit of (-1101*(-4)/d)/(8/(-28))?
4
Let z(l) = l**3 + 4*l**2 - l - 2. Let m be z(-4). Suppose -88 = 2*x - m*c, -53 - 5 = 2*x + 4*c. Let b = 46 + x. What is the units digit of b?
7
Let y(q) be the third derivative of -23*q**4/24 + 26*q**3/3 + 10*q**2 - q. What is the hundreds digit of y(-11)?
3
Let u(j) = -2 + 6*j - 7*j + 1 + 23. Let v be u(19). Suppose v*c + 30 = 216. What is the units digit of c?
2
Suppose 4*s - 16209 = -d, 4*d - s + 34152 = 99039. What is the units digit of d?
1
Let s = 67 + -63. Suppose -s = -4*d + 4. What is the units digit of 5 + 2*(d + 0)?
9
Suppose -21 = -3*l + 2*v, 4*v - 13 + 50 = 5*l. What is the units digit of 1695/(-20)*(0 + (1 - l))?
9
Let p(z) be the first derivative of 4*z - z**2 - 9 + 2/3*z**3. What is the tens digit of p(-6)?
8
Suppose -4690 = -f - 5*u, 7*u = 2*u + 5. Suppose -14*j + 11*j = -4*m - 2782, 3*m - f = -5*j. What is the units digit of j?
4
Let i be (0 + -3 - -4)/(-1). Let t be (-84)/(-4 - 5/i). What is the tens digit of -1*(-8)/(-2) - t?
8
Suppose -4*w + 456 = 5*f, -7*w + 5*w + 202 = -4*f. Let l = -82 + w. What is the tens digit of l?
2
Let r = 94 - 96. What is the hundreds digit of (20/6)/(-5*r/1635)?
5
Suppose 0 = -27*r + 31*r - 16. What is the tens digit of ((-162)/2)/((-2)/r)?
6
Let p = 26 - 6. Let g be 4/p - (-322)/(-10). Let x = -27 - g. What is the units digit of x?
5
Let n = 160 + -1155. Let h = 1497 + n. What is the hundreds digit of h?
5
What is the ten thousands digit of (-17444)/294*(-621)/2?
1
Let w(y) = y**3 + 18*y**2 - 18*y - 1. What is the units digit of w(22)?
3
Let a = 6956 + 3630. What is the tens digit of a?
8
Let x be 5/((-10)/6) + 58 + -1. What is the units digit of (-376)/10*9/(x/(-120))?
2
Let z be (-1 + (-748)/(-10))*(-550)/(-165). Let p = 652 - z. What is the units digit of p?
6
Suppose -g = 4*g - 3*g. Suppose 0 = 6*u - g*u - 1914. Let q = u + -150. What is the units digit of q?
9
Let k(v) = -v**2 - 12*v - 38. Let h be k(18). Let g = h + 872. What is the units digit of g?
4
Let o = 16045 - 9608. What is the units digit of o?
7
Suppose -8*w = -48 + 24. Suppose 0 = w*h - 2*h, -5*h - 845 = -p. What is the tens digit of p?
4
Suppose 6066 = 2*u - 4*r, u + r = -u + 6071. What is the hundreds digit of 9/15*u + -9?
8
Let v(n) be the third derivative of 7*n**4/2 + 35*n**3/6 + 124*n**2. What is the tens digit of v(14)?
1
What is the thousands digit of 3*(-4)/48 + 1892396/176?
0
Let x(z) = -z**2 + 18*z - 22. Let t be x(20). Let p = 7 + t. What is the hundreds digit of (-207)/(-66)*82 - (-10)/p?
2
Let a(y) = 2*y + 14. Let c be a(-6). Suppose 311 = -0*l + c*l - m, 3*m = 4*l - 619. What is the hundreds digit of l?
1
Let r(t) = 14*t - 20. Let u be (-16)/88 - 57/(-11). Let v be r(u). What is the tens digit of ((-324)/45)/(((-8)/v)/2)?
9
Let h be (12*(-6